e hundreds digit of 805356?
3
What is the hundreds digit of 10325106?
1
What is the hundred thousands digit of 452103?
4
What is the thousands digit of 838600?
8
What is the thousands digit of 196577?
6
What is the hundreds digit of 49952?
9
What is the ten thousands digit of 980516?
8
What is the hundred thousands digit of 848118?
8
What is the hundreds digit of 3483900?
9
What is the thousands digit of 2251314?
1
What is the ten thousands digit of 13410158?
1
What is the ten thousands digit of 88890?
8
What is the units digit of 81127?
7
What is the tens digit of 9586226?
2
What is the millions digit of 9470824?
9
What is the units digit of 5027940?
0
What is the hundred thousands digit of 19505853?
5
What is the units digit of 584890?
0
What is the ten thousands digit of 58979?
5
What is the units digit of 1959009?
9
What is the hundred thousands digit of 1158010?
1
What is the units digit of 5352999?
9
What is the hundreds digit of 1340805?
8
What is the hundreds digit of 768716?
7
What is the thousands digit of 20414031?
4
What is the hundreds digit of 1198368?
3
What is the ten thousands digit of 32473887?
7
What is the units digit of 223588?
8
What is the units digit of 234796?
6
What is the hundreds digit of 6763341?
3
What is the units digit of 191028?
8
What is the ten thousands digit of 5791459?
9
What is the millions digit of 7018467?
7
What is the units digit of 10413649?
9
What is the hundreds digit of 1126457?
4
What is the hundred thousands digit of 1349704?
3
What is the thousands digit of 1545403?
5
What is the hundreds digit of 19510399?
3
What is the hundred thousands digit of 3529658?
5
What is the ten thousands digit of 13876178?
7
What is the hundred thousands digit of 1142925?
1
What is the units digit of 10122539?
9
What is the thousands digit of 342817?
2
What is the units digit of 528817?
7
What is the hundreds digit of 1408346?
3
What is the units digit of 4210247?
7
What is the units digit of 2092947?
7
What is the millions digit of 1699497?
1
What is the units digit of 1266398?
8
What is the hundreds digit of 10807?
8
What is the ten millions digit of 29742002?
2
What is the thousands digit of 315403?
5
What is the units digit of 893680?
0
What is the units digit of 8833237?
7
What is the ten thousands digit of 206384?
0
What is the hundreds digit of 249665?
6
What is the hundred thousands digit of 763605?
7
What is the hundreds digit of 740039?
0
What is the thousands digit of 16469?
6
What is the thousands digit of 569310?
9
What is the millions digit of 1854771?
1
What is the millions digit of 1537742?
1
What is the units digit of 250684?
4
What is the tens digit of 2617764?
6
What is the tens digit of 280915?
1
What is the hundreds digit of 12515737?
7
What is the tens digit of 1327341?
4
What is the millions digit of 1288614?
1
What is the hundreds digit of 4300051?
0
What is the tens digit of 6113730?
3
What is the ten millions digit of 12071201?
1
What is the units digit of 26921?
1
What is the hundreds digit of 1646655?
6
What is the hundreds digit of 30695120?
1
What is the ten thousands digit of 43547?
4
What is the tens digit of 610502?
0
What is the tens digit of 7036035?
3
What is the thousands digit of 5266724?
6
What is the thousands digit of 4438673?
8
What is the hundreds digit of 304640?
6
What is the tens digit of 318664?
6
What is the ten thousands digit of 487410?
8
What is the hundreds digit of 2156449?
4
What is the ten thousands digit of 4329680?
2
What is the hundred thousands digit of 4697876?
6
What is the hundred thousands digit of 5718880?
7
What is the millions digit of 6388016?
6
What is the tens digit of 750254?
5
What is the thousands digit of 687099?
7
What is the ten thousands digit of 6553794?
5
What is the millions digit of 1199887?
1
What is the hundreds digit of 81274?
2
What is the tens digit of 9392136?
3
What is the ten thousands digit of 397965?
9
What is the hundreds digit of 18079769?
7
What is the units digit of 7956678?
8
What is the tens digit of 82482?
8
What is the hundred thousands digit of 177369?
1
What is the units digit of 253632?
2
What is the units digit of 246360?
0
What is the thousands digit of 4671308?
1
What is the thousands digit of 349657?
9
What is the thousands digit of 65399?
5
What is the ten millions digit of 21184048?
2
What is the units digit of 1823026?
6
What is the hundreds digit of 2954401?
4
What is the hundred thousands digit of 809879?
8
What is the hundreds digit of 79642?
6
What is the ten millions digit of 25875584?
2
What is the millions digit of 4805852?
4
What is the hundred thousands digit of 7727375?
7
What is the tens digit of 3352904?
0
What is the ten thousands digit of 1525946?
2
What is the hundred thousands digit of 23425862?
4
What is the hundreds digit of 31018313?
3
What is the ten thousands digit of 328594?
2
What is the millions digit of 22117740?
2
What is the ten thousands digit of 4619192?
1
What is the tens digit of 95684?
8
What is the tens digit of 563694?
9
What is the thousands digit of 7653974?
3
What is the millions digit of 3593962?
3
What is the ten thousands digit of 37322?
3
What is the tens digit of 74155?
5
What is the units digit of 687188?
8
What is the hundred thousands digit of 1396340?
3
What is the millions digit of 4463582?
4
What is the tens digit of 1064103?
0
What is the hundreds digit of 161686?
6
What is the ten thousands digit of 617065?
1
What is the tens digit of 265830?
3
What is the millions digit of 7818834?
7
What is the hundreds digit of 1783375?
3
What is the thousands digit of 844309?
4
What is the hundreds digit of 4836713?
7
What is the units digit of 32123867?
7
What is the ten thousands digit of 141001?
4
What is the thousands digit of 2534891?
4
What is the ten thousands digit of 2106614?
0
What is the thousands digit of 2688428?
8
What is the hundred thousands digit of 528838?
5
What is the thousands digit of 6299313?
9
What is the units digit of 1130161?
1
What is the tens digit of 577337?
3
What is the hundred thousands digit of 5674331?
6
What is the millions digit of 4148453?
4
What is the hundreds digit of 350112?
1
What is the thousands digit of 2114158?
4
What is the thousands digit of 584860?
4
What is the hundred thousands digit of 591459?
5
What is the ten thousands digit of 642125?
4
What is the hundred thousands digit of 4908704?
9
What is the tens digit of 1683679?
7
What is the millions digit of 1955631?
1
What is the tens digit of 25171?
7
What is the thousands digit of 212334?
2
What is the ten thousands digit of 1296642?
9
What is the thousands digit of 771420?
1
What is the hundred thousands digit of 727002?
7
What is the hundred thousands digit of 148000?
1
What is the thousands digit of 393517?
3
What is the ten thousands digit of 2418108?
1
What is the hundreds digit of 3400783?
7
What is the units digit of 1062297?
7
What is the ten thousands digit of 3616825?
1
What is the thousands digit of 6052441?
2
What is the ten thousands digit of 72613?
7
What is the ten thousands digit of 956585?
5
What is the millions digit of 6271363?
6
What is the thousands digit of 2268310?
8
What is the millions digit of 2662407?
2
What is the thousands digit of 2072234?
2
What is the units digit of 20644?
4
What is the thousands digit of 2041882?
1
What is the hundred thousands digit of 2610663?
6
What is the hundred thousands digit of 1523703?
5
What is the tens digit of 93076?
7
What is the hundred thousands digit of 18667394?
6
What is the millions digit of 1505011?
1
What is the ten thousands digit of 13090596?
9
What is the units digit of 1325291?
1
What is the hundred thousands digit of 8484363?
4
What is the thousands digit of 128606?
8
What is the units digit of 11713436?
6
What is the millions digit of 1354794?
1
What is the thousands digit of 1478596?
8
What is the units digit of 6226983?
3
What is the thousands digit of 39457?
9
What is the hundred thousands digit of 1011678?
0
What is the units digit of 458882?
2
What is the hundreds digit of 187147?
1
What is the thousands digit of 21814225?
4
What is the thousands digit of 333381?
3
What is the thousands digit of 5970064?
0
What is the hundreds digit of 8909955?
9
What is the units digit of 144371?
1
Wha